(a) = a**3 + 8 - 13 + s*a**2 - 2*a + 0. Let n = -2 - 3. Determine h(n).
5
Let x(o) be the third derivative of 0 + 6*o**2 + 0*o + 0*o**3 - 13/24*o**4. Determine x(1).
-13
Let t(r) = 14*r**3. Suppose 4*l - 14 = 2*m, -6*m + 2*m - 3*l + 16 = 0. Let g be -3 + m + 3 + 0. Give t(g).
14
Let v(f) = -2*f + 0*f - 1 - 5. Give v(-5).
4
Suppose -7*s = 6*s - 91. Let g(n) = n**2 - 6*n - 4. Determine g(s).
3
Let y(f) = f**2 - 5*f. Let k(i) = i**3 + 12*i**2 - 29*i - 9. Let r be k(-14). Determine y(r).
0
Let q(y) = -y**2 - 2*y + 10. Let a be q(-5). Let s be (9 + a)*(-6)/4. Let w(o) = -o**2 - 5*o + 4. Give w(s).
-2
Suppose -4*s + h + 21 - 6 = 0, -2*h = 2*s - 10. Suppose 0*a - 9 = -3*n - 2*a, 0 = s*a. Let j(q) = -q**3 + 4*q**2 + q - 2. What is j(n)?
10
Let p = -1 + 6. Let k = p + -4. Let g(s) = 4 - s**2 + s**3 - 2*s**3 + k. What is g(0)?
5
Let x(k) be the second derivative of 0 - k + 1/3*k**4 + 5/2*k**2 - 1/20*k**5 + 1/3*k**3. Suppose -6*n + 29 = -n - 4*f, 0 = -5*n - 5*f + 20. What is x(n)?
-10
Let z(i) = -22*i + 21*i + 0 + 1. Give z(4).
-3
Let j(b) = b**3 - 2*b. Suppose 0 = -0*l - 3*l. Suppose l = -2*n - 1 + 5. Suppose f = n*f - 2. Give j(f).
4
Suppose 0 = -5*i + 4*i. Let t = i + 5. Let v(b) = -2*b**3 - 5*b**2 - b + 1. Let w(n) = -n**3 - 5*n**2 - n + 2. Let q(k) = -2*v(k) + 3*w(k). What is q(t)?
-1
Let i(b) be the first derivative of -b**3/3 + 5*b**2 - 10*b - 7. Determine i(9).
-1
Let h(b) be the third derivative of -b**6/240 - b**5/24 - b**4/8 + b**2. Let t(r) be the second derivative of h(r). What is t(-4)?
7
Let d(n) = 4*n - 3. Let o = 11 - 7. What is d(o)?
13
Let c(m) = 2*m**2 + 3*m + 3. Let d be c(-2). Let q(r) = -r**2 - r. Let o(z) = 3*z**2 - 4*z + 7. Let j(p) = o(p) + 2*q(p). Determine j(d).
2
Let l(a) = -a - 3. Let g = 2 - 5. Let z = g + 1. Calculate l(z).
-1
Let j(v) be the third derivative of -1/4*v**4 - 1/60*v**5 + 0 - 3*v**2 - 4/3*v**3 + 0*v. Give j(-6).
-8
Suppose 6*i - 2*i - 5*h - 7 = 0, -5*i + 5*h + 10 = 0. Suppose i*j - 27 = -9. Let f be j/((-3)/(-1) + -5). Let v(u) = -u**3 - 3*u**2 + u + 1. Determine v(f).
-2
Let q(w) = w**2 + 7*w + 9. Let k be q(-6). Let o = k - -1. Let s be o/6*6/4. Let d(f) = -2*f + 1. Give d(s).
-1
Let c(j) be the first derivative of 3*j**2/2 - j - 3. Determine c(3).
8
Let l(z) = 2*z - 4. Let v(u) = -3*u + 5. Let o(s) = -4*l(s) - 3*v(s). What is o(-5)?
-4
Let i(u) = -u**2 + 3*u + 6. Let z(r) = -2*r**3 - 2*r**2 + r - 2. Let w be z(-2). Let t be w + (0/(-1) - 1). Suppose -2*p = -7 - t. Give i(p).
-4
Let p(u) = -3*u + 1. Let x(j) = -2*j + 1. Let m(t) = -5*p(t) + 8*x(t). Let o(n) = 4*n - 19. Let v be o(6). Give m(v).
-2
Let x = 2 - -1. Suppose -5*k = 2*f + 3, k - x*k + 3 = 5*f. Let g(n) be the third derivative of n**6/24 + n**4/12 + n**3/6 - n**2. What is g(k)?
-6
Let h(k) = k**2 + 3*k + 4. Let n(l) = l - 16. Let t be n(11). What is h(t)?
14
Let a(k) = -5*k + 2*k**2 - 3*k**2 - 11 - 3*k - 2*k. Let o be a(-8). Let r(l) = l - 3. What is r(o)?
2
Let t(d) = -d - 1. Let z be 7/(6 - (-2 - -7)). What is t(z)?
-8
Let j be -10*2/(1 + 1). Let u be (-2)/(1/(j/(-4))). Let d(p) be the first derivative of p**4/4 + 2*p**3 + 5*p**2/2 + p - 3. What is d(u)?
1
Let c(v) = v**3 - 5*v**2 - 6*v + 7. Let t be c(6). Let b = t - 5. Let o(n) = 1 + 3*n**3 - 4*n**2 - n + 0*n - b*n**3. Calculate o(2).
-9
Let a(z) = -z**2 + 10*z - 7. Suppose -1 = 2*w - 5, 2*g - 3*w = 8. Calculate a(g).
14
Let s(b) be the second derivative of 0*b**2 - 1/6*b**3 + 0 + 5*b. What is s(-6)?
6
Suppose 2*k - 2*h + 8 = -4, 3*h = -5*k - 14. Let j(y) be the first derivative of 2 + y**2 - 5*y + 1/3*y**3. Give j(k).
3
Let v(m) be the first derivative of m**5/60 - m**4/24 - m**3/6 - m**2 + 2. Let g(z) be the second derivative of v(z). What is g(-2)?
5
Let g(r) = r**2 + r - 1. Let n(q) be the first derivative of q**3/3 + 4*q**2 + 7*q + 1. Let f = -7 - 0. Let l be n(f). What is g(l)?
-1
Suppose 0 = -v, 3*h + 8 = -h + 3*v. Suppose 2*c - 3 = c. Let m(q) = q + 0 - 3 + c. What is m(h)?
-2
Let f(o) = -9*o + 44*o**2 + o**3 - 9 + 1 - 22*o**2 - 17*o**2. Determine f(-6).
10
Let r = -16 - -12. Let t(s) be the second derivative of s**3/6 - 2*s. Calculate t(r).
-4
Suppose 7*v = 2*v + 15. Let u be v + -7 - (1 - 3). Let x(l) = -l**3 + l - 2. Determine x(u).
4
Let q(p) = 3 + 13*p - 4*p + 0 - 4. Give q(2).
17
Let b(y) = -4*y**3 - 3*y**2 - 3. Let x(o) = -5*o**3 - 2*o**2 - o - 4. Let q(l) = -4*b(l) + 3*x(l). Determine q(-6).
18
Let z(w) be the second derivative of w**3/6 - 3*w**2 + 2*w. Let m be z(0). Let l(p) = p**3 + 5*p**2 - 5*p + 3. What is l(m)?
-3
Let z(a) = a + 4. Let j(t) = -t + 1. Let u(v) = 2*j(v) + z(v). Calculate u(9).
-3
Let c(m) = m + 14. Let z be c(-12). Let f(p) = 3*p + z - 2 - 3. Calculate f(2).
3
Let d(n) be the first derivative of -3*n**2/2 + 6*n + 1. Let a = -2 + 4. Let l be -1 + 5*(-1 + a). Determine d(l).
-6
Suppose 4*y - 3*g + 18 = 0, -g - 6 = 2*g. Let o(w) = -w**3 - 7*w**2 - 6*w + 2. Let j be o(y). Let l(c) = -c**2 - j - 4*c - 2*c + 0. Calculate l(-3).
7
Suppose -z - j = -4*z - 4, -2*z + 16 = 4*j. Let f(l) be the second derivative of l**5/20 - l**4/12 + 7*l**2/2 - l. Calculate f(z).
7
Let t(h) be the third derivative of h**7/1260 - h**5/60 + h**2. Let q(v) be the third derivative of t(v). Suppose -2*f = 1 - 5. What is q(f)?
8
Suppose 4*l + l + 14 = -3*x, 5*x - 22 = 3*l. Let k(h) = -4 + 2*h**3 - 5*h**2 + 5 - x*h - 3*h**3. Suppose 8*i = 3*i - 20. Determine k(i).
-7
Let j be 2/(-6) + 3/9. Let g = -2 - j. Let x(r) = -2 - r - 4*r**3 + 2*r**2 + 3 + 4*r**3 + 2*r**3. Give x(g).
-5
Let p(h) = 4*h**3 - 3*h**2 - 4*h + 7. Let n(v) = 5*v**3 - 4*v**2 - 5*v + 8. Let d(i) = -5*n(i) + 6*p(i). Let w(b) = -2*b - 9. Let y be w(-6). Determine d(y).
-4
Let p(o) = -8*o**3 + 4*o**2 - 8*o - 3. Let b(l) = -15*l**3 + 7*l**2 - 15*l - 6. Let c(q) = 6*b(q) - 11*p(q). What is c(-2)?
9
Suppose 3*m - 4*m + 6 = 0. Let s(f) = 2*f - 9. What is s(m)?
3
Let f(w) = -9 + 3*w - 8 - 9 + 19. Determine f(8).
17
Let o(y) = y**3 - y**2 - 4. Let h(c) = c**2 + 4*c + 2. Let p be h(-3). Let r(l) be the first derivative of l**2/2 + l + 1. Let d be r(p). Calculate o(d).
-4
Let y(i) = 0 - 5 + 1 - 3*i**2 + i. Let m(c) = -c + 1. Let a(f) = -2*m(f) - y(f). Let v(d) be the first derivative of a(d). What is v(1)?
7
Let y(m) = -m - 1. Let p(v) = v + 1. Let i(z) = 4*p(z) + 3*y(z). Let u = -14 - -15. Give i(u).
2
Let t(i) = -6*i**2 + 6*i - 5. Let q(f) = 11*f + 6*f - 9 - 5 - 17*f**2. Let w(k) = -3*q(k) + 8*t(k). Suppose -z - 30 = -5*l - 6*z, -3*l + 2 = -z. Give w(l).
8
Let a(f) = -2*f**2 + 4 - f + 4*f**2 - 2 - 5. Let w be a(2). Let j(m) = 2*m**2 - 4*m - 1. Determine j(w).
5
Let u(s) = -3*s + 5*s + 6*s + s**2 - 8. Calculate u(-8).
-8
Let u(i) = -2*i - i**2 - i**2 - 1 - 3*i**2 + 4*i**2. Calculate u(2).
-9
Let q be (-4 - -2)*2/(-4). Let v = 2 + q. Suppose -12 = 3*r - d + 2*d, -v*d = 0. Let w(p) = 2*p + 2. Calculate w(r).
-6
Let u(i) = i**2 - i - 4. Let l = -15 + 18. Give u(l).
2
Let c(b) = -b**2 + 3*b + 5. Suppose -4*g = -3*g + 1. Let o be (g + 6)*(0 + 1). Give c(o).
-5
Suppose -v + 3*l = -3*v + 83, -2*l - 105 = -3*v. Let u(b) = -b - 14*b**2 - 2 - 24*b**2 + v*b**2. Calculate u(2).
-8
Let x be ((-1)/1)/(2/(-10)). Suppose 4*y + 8 = 4*l, -2*l + 4*y + 1 + 3 = 0. Let f(z) = -8*z - z**l + 2*z + 2*z**2 - z + 4. What is f(x)?
-6
Let s(q) = 0*q + 0 + 2*q - 3 + 0*q. Give s(4).
5
Let q(w) = w - 1. Let l be 4/2*32/8. Let r = 14 - l. Determine q(r).
5
Let n(y) = -2*y**2 - 15*y - y**3 - 11*y + 1 + 27*y. What is n(-2)?
-1
Suppose 3 = 6*w - 5*w. Let b(r) be the second derivative of -r**4/6 + 2*r**3/3 - r. Give b(w).
-6
Let v(c) be the third derivative of c**4/6 - c**3/6 - 2*c**2. Calculate v(3).
11
Let h(l) be the third derivative of -l**4/24 - l**3/6 - l**2. Let b be 2/7 + (-26)/(-7). Calculate h(b).
-5
Let t(x) = 1. Let i(u) = -2*u**3 - u**2 + 3*u + 8. Let a(y) = -i(y) + 6*t(y). Let v(r) = r + 6. Let f be v(-4). Suppose f = -3*s + 2*s. Calculate a(s).
-8
Let i(o) = o + 1. Let z(f) = 10*f**3 - f - 1. Let g(t) = -2*i(t) - z(t). Let l be (-2)/((-1 - -3) + 0). Determine g(l).
10
Suppose 3*d + q - 6 = 0, q + 2*q + 9 = 0. Let n(l) = l**2 - 4. Calculate n(d).
5
Let m(t) = 0*t**2 - 4 + 2*t + 2*t**2 + t. Suppose 2*v + 8 = 3*i + 2, 4 = -v + 2*i. Suppose o - 6*o - 15 = v. What is m(o)?
5
Let j(q) = -15*q. Suppose 2*z + 1 = z. What is j(z)?
15
Let w(i) = 2*i**2 + i - 2. 